{"id":574,"date":"2009-02-20T13:51:29","date_gmt":"2009-02-20T16:51:29","guid":{"rendered":"http:\/\/blogs.utopia.org.br\/poesialatina\/?page_id=574"},"modified":"2009-02-20T14:21:40","modified_gmt":"2009-02-20T17:21:40","slug":"jorge-luis-borges","status":"publish","type":"page","link":"https:\/\/blogs.utopia.org.br\/poesialatina\/biografias\/jorge-luis-borges\/","title":{"rendered":"Jorge Luis Borges"},"content":{"rendered":"<p><a href=\"https:\/\/blogs.utopia.org.br\/poesialatina\/files\/jorge_luis_borges.jpg\"><img loading=\"lazy\" decoding=\"async\" src=\"https:\/\/blogs.utopia.org.br\/poesialatina\/files\/jorge_luis_borges.jpg\" alt=\"\" width=\"145\" height=\"200\" class=\"alignleft size-full wp-image-575\" \/><\/a>Nasceu em 1899 na cidade Buenos Aires, Argentina. Foi alfabetizado em dois idiomas: ingl\u00eas e espanhol assim, aos sete anos escreveu em ingl\u00eas um resumo da mitologia grega, aos oito, &#8220;La V\u00edsera Fatal&#8221; inspirado em um epis\u00f3dio de Quixote e aos nove traduziu do ingl\u00eas para o espanhol, &#8220;O Pr\u00edncipe Feliz&#8221; de Oscar Wilde.<\/p>\n<p>Seus ensaios, contos e poemas foram traduzidos para mais de vinte e cinco idiomas e entre suas obras podemos destacar &#8220;Ficciones&#8221;, &#8220;Historia Universal de la Inf\u00e2ncia&#8221; e &#8220;Los Conjurados&#8221;. O premio que recebeu em 1961 do Congresso Internacional de Editores (premio compartilhado com Samuel Beckett) foi o ponto de partida para seu reconhecimento em todo o mundo ocidental. Em seguida, recebeu do governo italiano, o t\u00edtulo de Comendador, de Comandante da Ordem das Letras e Artes do governo franc\u00eas e o t\u00edtulo de Cavalheiro da Ordem do Imp\u00e9rio Brit\u00e2nico. <\/p>\n<p>Sua obra foi e continua sendo referencia para muitos autores, n\u00e3o s\u00f3 argentinos mas, de todo o mundo. Morreu em Genebra, Su\u00ed\u00e7a, em 1986. <\/p>\n","protected":false},"excerpt":{"rendered":"<p>Nasceu em 1899 na cidade Buenos Aires, Argentina. Foi alfabetizado em dois idiomas: ingl\u00eas e espanhol assim, aos sete anos escreveu em ingl\u00eas um resumo da mitologia grega, aos oito, &#8220;La V\u00edsera Fatal&#8221; inspirado em um epis\u00f3dio de Quixote e &hellip; <a href=\"https:\/\/blogs.utopia.org.br\/poesialatina\/biografias\/jorge-luis-borges\/\">Continue lendo <span class=\"meta-nav\">&rarr;<\/span><\/a><\/p>\n","protected":false},"author":22,"featured_media":0,"parent":14,"menu_order":0,"comment_status":"open","ping_status":"open","template":"","meta":{"_monsterinsights_skip_tracking":false,"_monsterinsights_sitenote_active":false,"_monsterinsights_sitenote_note":"","_monsterinsights_sitenote_category":0,"ngg_post_thumbnail":0,"footnotes":""},"class_list":["post-574","page","type-page","status-publish","hentry"],"_links":{"self":[{"href":"https:\/\/blogs.utopia.org.br\/poesialatina\/wp-json\/wp\/v2\/pages\/574","targetHints":{"allow":["GET"]}}],"collection":[{"href":"https:\/\/blogs.utopia.org.br\/poesialatina\/wp-json\/wp\/v2\/pages"}],"about":[{"href":"https:\/\/blogs.utopia.org.br\/poesialatina\/wp-json\/wp\/v2\/types\/page"}],"author":[{"embeddable":true,"href":"https:\/\/blogs.utopia.org.br\/poesialatina\/wp-json\/wp\/v2\/users\/22"}],"replies":[{"embeddable":true,"href":"https:\/\/blogs.utopia.org.br\/poesialatina\/wp-json\/wp\/v2\/comments?post=574"}],"version-history":[{"count":5,"href":"https:\/\/blogs.utopia.org.br\/poesialatina\/wp-json\/wp\/v2\/pages\/574\/revisions"}],"predecessor-version":[{"id":587,"href":"https:\/\/blogs.utopia.org.br\/poesialatina\/wp-json\/wp\/v2\/pages\/574\/revisions\/587"}],"up":[{"embeddable":true,"href":"https:\/\/blogs.utopia.org.br\/poesialatina\/wp-json\/wp\/v2\/pages\/14"}],"wp:attachment":[{"href":"https:\/\/blogs.utopia.org.br\/poesialatina\/wp-json\/wp\/v2\/media?parent=574"}],"curies":[{"name":"wp","href":"https:\/\/api.w.org\/{rel}","templated":true}]}}