{"id":266,"date":"2008-09-20T02:23:48","date_gmt":"2008-09-20T05:23:48","guid":{"rendered":"http:\/\/blogs.utopia.org.br\/levi\/?page_id=266"},"modified":"2009-03-20T10:19:56","modified_gmt":"2009-03-20T13:19:56","slug":"burocratas-burocracias","status":"publish","type":"page","link":"https:\/\/blogs.utopia.org.br\/levi\/livros\/burocratas-burocracias\/","title":{"rendered":"BUROCRATAS&#8230;"},"content":{"rendered":"<p><a href=\"http:\/\/blogs.utopia.org.br\/levi\/files\/burocratas1.jpg\" title=\"Burocratas &amp; Burocracias\"><img loading=\"lazy\" decoding=\"async\" class=\"alignleft size-medium wp-image-265\" src=\"http:\/\/blogs.utopia.org.br\/levi\/files\/burocratas1.jpg\" alt=\"\" width=\"131\" height=\"191\" \/><\/a><strong>BUROCRATAS &amp; BUROCRACIAS<br \/>\nLevi Bucalem Ferrari<br \/>\nEditora Semente (1981)<\/strong><\/p>\n<p>O presente trabalho\u00a0 est\u00e1 divido em duas partes. A primeira, que abrange os cap\u00edtulos 1 a 4, apresenta os resultados de uma pesquisa realizada entre funcion\u00e1rios p\u00fablicos e privados do Estado de S\u00e3o Paulo, em 1977, sobre suas atitudes acerca de seu trabalho e das organiza\u00e7\u00f5es a que estavam vinculados.<\/p>\n<p>Esta pesquisa fez parte de um conjunto de trabalhos realizados pelo Grupo de Estudos de Administra\u00e7\u00e3o de Pessoal &#8211; GEAP &#8211; constitu\u00eddo no final do ano anterior pela Funda\u00e7\u00e3o do Desenvolvimento Administrativo &#8211; FUNDAP &#8211; com o objetivo de identificar os principais problemas de recursos humanos da administra\u00e7\u00e3o p\u00fablica estadual, e indicar alternativas fundamentadas para defini\u00e7\u00e3o de alternativas fundamentadas para defini\u00e7\u00e3o de uma pol\u00edtica de administra\u00e7\u00e3o de pessoal pelo Governo do Estado de S\u00e3o Paulo.<\/p>\n<p><em>Leia a \u00edntegra do livro (clique no \u00faltimo \u00edcone para leitura em tela cheia):<\/em><br \/>\n[scribd id=2570558 key=key-1qha7x23v8juqg6gqqdg]<\/p>\n<p><a href=\"http:\/\/www.ebooksbrasil.org\/adobeebook\/burocratas.pdf\">Clique aqui<\/a> para fazer o download completo de Burocratas &amp; Burocracias (formato PDF).<\/p>\n","protected":false},"excerpt":{"rendered":"<p>BUROCRATAS &amp; BUROCRACIAS Levi Bucalem Ferrari Editora Semente (1981) O presente trabalho\u00a0 est\u00e1 divido em duas partes. A primeira, que abrange os cap\u00edtulos 1 a 4, apresenta os resultados de uma pesquisa realizada entre funcion\u00e1rios p\u00fablicos e privados do Estado &hellip; <a href=\"https:\/\/blogs.utopia.org.br\/levi\/livros\/burocratas-burocracias\/\">Continue lendo <span class=\"meta-nav\">&rarr;<\/span><\/a><\/p>\n","protected":false},"author":2,"featured_media":0,"parent":294,"menu_order":0,"comment_status":"open","ping_status":"open","template":"","meta":{"_monsterinsights_skip_tracking":false,"_monsterinsights_sitenote_active":false,"_monsterinsights_sitenote_note":"","_monsterinsights_sitenote_category":0,"ngg_post_thumbnail":0,"footnotes":""},"class_list":["post-266","page","type-page","status-publish","hentry"],"_links":{"self":[{"href":"https:\/\/blogs.utopia.org.br\/levi\/wp-json\/wp\/v2\/pages\/266","targetHints":{"allow":["GET"]}}],"collection":[{"href":"https:\/\/blogs.utopia.org.br\/levi\/wp-json\/wp\/v2\/pages"}],"about":[{"href":"https:\/\/blogs.utopia.org.br\/levi\/wp-json\/wp\/v2\/types\/page"}],"author":[{"embeddable":true,"href":"https:\/\/blogs.utopia.org.br\/levi\/wp-json\/wp\/v2\/users\/2"}],"replies":[{"embeddable":true,"href":"https:\/\/blogs.utopia.org.br\/levi\/wp-json\/wp\/v2\/comments?post=266"}],"version-history":[{"count":14,"href":"https:\/\/blogs.utopia.org.br\/levi\/wp-json\/wp\/v2\/pages\/266\/revisions"}],"predecessor-version":[{"id":3137,"href":"https:\/\/blogs.utopia.org.br\/levi\/wp-json\/wp\/v2\/pages\/266\/revisions\/3137"}],"up":[{"embeddable":true,"href":"https:\/\/blogs.utopia.org.br\/levi\/wp-json\/wp\/v2\/pages\/294"}],"wp:attachment":[{"href":"https:\/\/blogs.utopia.org.br\/levi\/wp-json\/wp\/v2\/media?parent=266"}],"curies":[{"name":"wp","href":"https:\/\/api.w.org\/{rel}","templated":true}]}}