{"id":2140,"date":"2008-11-18T11:26:58","date_gmt":"2008-11-18T14:26:58","guid":{"rendered":"http:\/\/blogs.utopia.org.br\/levi\/?page_id=2140"},"modified":"2009-03-04T02:44:13","modified_gmt":"2009-03-04T05:44:13","slug":"antologia-de-contos-da-ube","status":"publish","type":"page","link":"https:\/\/blogs.utopia.org.br\/levi\/livros\/antologia-de-contos-da-ube\/","title":{"rendered":"ANTOLOGIA CONTOS DA UBE"},"content":{"rendered":"<p><a href=\"http:\/\/blogs.utopia.org.br\/levi\/files\/contosube1.jpg\"><img decoding=\"async\" class=\"alignleft size-medium wp-image-2138\" src=\"http:\/\/blogs.utopia.org.br\/levi\/files\/contosube1-208x300.jpg\" alt=\"\" width=\"160\" \/><\/a>Apresenta\u00e7\u00e3o<br \/>\nLevi Bucalem Ferrari<\/p>\n<p>Este livro cont\u00e9m vinte contos de autores associados \u00e0 Uni\u00e3o Brasileira de Escritores, UBE. \u00c9 resultado de uma id\u00e9ia surgida em conversas entre seus organizadores que tamb\u00e9m se encarregaram de convidar alguns participantes. A id\u00e9ia pegou e, num ou noutro caso, os primeiros convidados indicaram outros que ora se somam nesta colet\u00e2nea. Alguns bons contistas da UBE n\u00e3o puderam ser inclu\u00eddos, por motivos diversos, mas se far\u00e3o presentes em antologias futuras.<\/p>\n<p>O conto poderia ser in\u00e9dito ou n\u00e3o e o tema era livre. Por isso, este livro cont\u00e9m o que cada autor considerou mais adequado ao tipo de publica\u00e7\u00e3o. E que, certamente, est\u00e1 entre o que de melhor tem produzido. A liberdade tem\u00e1tica proporcionou gama exponencial de combina\u00e7\u00f5es entre abordagens, fabula\u00e7\u00e3o, estruturas narrativas, estilos e tudo o mais que se configura no fazer liter\u00e1rio. E, particularmente, nesta sua forma t\u00e3o apreciada quanto dif\u00edcil, a da narrativa curta.<\/p>\n<p>Entre os autores, o leitor encontrar\u00e1 contistas consagrados, nomes inscritos definitivamente nos quadros da literatura brasileira e de l\u00edngua portuguesa, alguns com obras traduzidas para diversos idiomas. Outros excelentes autores, ainda que menos conhecidos, fazem companhia aos primeiros. E d\u00e3o conta da responsabilidade ao oferecerem texto da melhor qualidade.<\/p>\n<p>No mesmo diapas\u00e3o, encontram-se alguns pol\u00edgrafos que, mais conhecidos por sua produ\u00e7\u00e3o em outros g\u00eaneros liter\u00e1rios, logram na narrativa curta, o mesmo \u00eaxito j\u00e1 experimentado em outras formas de express\u00e3o gr\u00e1fica.<\/p>\n<p>Esta antologia \u00e9 o primeiro produto do contrato firmado entre a UBE e a Global Editora e n\u00e3o pretende ser o \u00faltimo. Longe disso, as duas partes prev\u00e9m, para os anos vindouros, colet\u00e2neas de outros g\u00eaneros liter\u00e1rios. A preocupa\u00e7\u00e3o de ambos \u00e9 a de oferecer ao leitor bens culturais da melhor qualidade liter\u00e1ria e editorial.<\/p>\n<p>Os organizadores desta colet\u00e2nea agradecem aos participantes que demonstraram sua confian\u00e7a neste projeto pioneiro, portanto, mais sujeito a falhas. Merecem agradecimentos especiais os colegas Betty Vidigal, Caio Porf\u00edrio Carneiro, Carlos Seabra, Rosani Abou Adal e Rui Veiga pelas not\u00e1veis contribui\u00e7\u00f5es.<\/p>\n<p>Compete, agora, ao leitor a degusta\u00e7\u00e3o e o veredito final.<\/p>\n","protected":false},"excerpt":{"rendered":"<p>Apresenta\u00e7\u00e3o Levi Bucalem Ferrari Este livro cont\u00e9m vinte contos de autores associados \u00e0 Uni\u00e3o Brasileira de Escritores, UBE. \u00c9 resultado de uma id\u00e9ia surgida em conversas entre seus organizadores que tamb\u00e9m se encarregaram de convidar alguns participantes. A id\u00e9ia pegou &hellip; <a href=\"https:\/\/blogs.utopia.org.br\/levi\/livros\/antologia-de-contos-da-ube\/\">Continue lendo <span class=\"meta-nav\">&rarr;<\/span><\/a><\/p>\n","protected":false},"author":2,"featured_media":0,"parent":294,"menu_order":0,"comment_status":"open","ping_status":"open","template":"","meta":{"_monsterinsights_skip_tracking":false,"_monsterinsights_sitenote_active":false,"_monsterinsights_sitenote_note":"","_monsterinsights_sitenote_category":0,"ngg_post_thumbnail":0,"footnotes":""},"class_list":["post-2140","page","type-page","status-publish","hentry"],"_links":{"self":[{"href":"https:\/\/blogs.utopia.org.br\/levi\/wp-json\/wp\/v2\/pages\/2140","targetHints":{"allow":["GET"]}}],"collection":[{"href":"https:\/\/blogs.utopia.org.br\/levi\/wp-json\/wp\/v2\/pages"}],"about":[{"href":"https:\/\/blogs.utopia.org.br\/levi\/wp-json\/wp\/v2\/types\/page"}],"author":[{"embeddable":true,"href":"https:\/\/blogs.utopia.org.br\/levi\/wp-json\/wp\/v2\/users\/2"}],"replies":[{"embeddable":true,"href":"https:\/\/blogs.utopia.org.br\/levi\/wp-json\/wp\/v2\/comments?post=2140"}],"version-history":[{"count":4,"href":"https:\/\/blogs.utopia.org.br\/levi\/wp-json\/wp\/v2\/pages\/2140\/revisions"}],"predecessor-version":[{"id":3101,"href":"https:\/\/blogs.utopia.org.br\/levi\/wp-json\/wp\/v2\/pages\/2140\/revisions\/3101"}],"up":[{"embeddable":true,"href":"https:\/\/blogs.utopia.org.br\/levi\/wp-json\/wp\/v2\/pages\/294"}],"wp:attachment":[{"href":"https:\/\/blogs.utopia.org.br\/levi\/wp-json\/wp\/v2\/media?parent=2140"}],"curies":[{"name":"wp","href":"https:\/\/api.w.org\/{rel}","templated":true}]}}