{"id":19,"date":"2010-05-01T19:07:58","date_gmt":"2010-05-01T22:07:58","guid":{"rendered":"http:\/\/blogs.utopia.org.br\/direitosdopublico\/?page_id=19"},"modified":"2010-05-04T13:31:24","modified_gmt":"2010-05-04T16:31:24","slug":"programacao","status":"publish","type":"page","link":"https:\/\/blogs.utopia.org.br\/direitosdopublico\/programacao\/","title":{"rendered":"Programa\u00e7\u00e3o"},"content":{"rendered":"<p><b>Programa\u00e7\u00e3o do 1\u00ba Encontro Paulista dos Direitos do P\u00fablico<\/b><\/p>\n<table width=\"450\" cellpadding=\"6\" cellspacing=\"0\" border=\"0\">\n<tr bgcolor=\"#eaeaea\">\n<th colspan=\"2\" height=\"32\"><font color=\"#006\" size=\"3\">\u00bb DIA 28 DE MAIO, SEXTA-FEIRA<\/font><\/th>\n<\/tr>\n<tr bgcolor=\"#fafafa\">\n<td valign=\"top\">14h00 \u00e0s 18h00<\/td>\n<td valign=\"top\"><strong>Credenciamento<\/strong><br \/>\n      <i>Local: Hotel Gran Roca<\/i><\/td>\n<\/tr>\n<tr bgcolor=\"#eaeaea\">\n<td valign=\"top\">19h30<\/td>\n<td valign=\"top\"><strong>Mesa de Abertura do Encontro<\/strong><br \/>\n      <em>Participantes:<\/em><br \/>\n      Dr. Jos\u00e9 Bernardo Denig, Prefeito Municipal de Atibaia<br \/>\n      Wanderley Silva de Souza, Presidente da C\u00e2mara Municipal de Atibaia<br \/>\n      Jos\u00e9 Luiz Herencia, Secret\u00e1rio de Pol\u00edticas Culturais &#8211; MinC<br \/>\n      Marcos Alves de Souza, Diretor de Direitos Intelectuais &#8211; SPC, MinC<br \/>\n      Edson Gon\u00e7alves, Secret\u00e1rio Municipal de Cultura e Eventos<br \/>\n      Rosemberg Cariri, Presidente do CBC &#8211; Congresso Brasileiro de Cinema<br \/>\n      Antonio Claudino de Jesus, Presidente do CNC &#8211; Conselho Nacional de Cineclubes<br \/>\n      Solange Lima, Presidente da ABDn &#8211; Associa\u00e7\u00e3o Brasileira de Documentaristas<br \/>\n      Geraldo Moraes, Presidente do CBDC &#8211; Centro Brasileiro Pela Diversidade Cultural<br \/>\n      Jo\u00e3o Baptista Pimentel Neto, Coordenador do Difus\u00e3o Cineclube<br \/>\n      <i>Local: F\u00f3rum da Cidadania<\/i><\/td>\n<\/tr>\n<tr bgcolor=\"#fafafa\">\n<td valign=\"top\">20h30<\/td>\n<td valign=\"top\"><strong>Lan\u00e7amento do Livro do 1\u00ba Encontro Internacional dos Direitos do P\u00fablico<\/strong><br \/>\n      <i>Local: F\u00f3rum da Cidadania<\/i><\/td>\n<\/tr>\n<tr bgcolor=\"#eaeaea\">\n<td valign=\"top\">21h00<\/td>\n<td valign=\"top\"><strong>Mostra Difus\u00e3o Cineclube &#8220;Filmes s\u00e3o feitos para serem vistos!&#8221;<\/strong><br \/>\n      <i>Local: F\u00f3rum da Cidadania<\/i><\/td>\n<\/tr>\n<tr bgcolor=\"#fafafa\">\n<th colspan=\"2\" height=\"32\"><font color=\"#006\" size=\"3\">\u00bb DIA 29 DE MAIO, S\u00c1BADO<\/font><\/th>\n<\/tr>\n<tr bgcolor=\"#eaeaea\">\n<td valign=\"top\">9h00 \u00e0s 12h00<\/td>\n<td valign=\"top\"><strong>Mesa \u201cA proposta de revis\u00e3o da Lei de Direito Autoral brasileira\u201d<\/strong><br \/>\n     <em>Participantes:<\/em><br \/>\n     Representantes da Diretoria de Direitos Intelectuais \u2013 SPC, MinC<br \/>\n     <i>Local: Hotel Gran Roca<\/i><\/td>\n<\/tr>\n<tr bgcolor=\"#fafafa\">\n<td valign=\"top\">14h00 \u00e0s 17h00<\/td>\n<td valign=\"top\"><strong>Mesa \u201cA proposta de revis\u00e3o da Lei de Direito Autoral brasileira pela \u00f3tica das entidades do audiovisual paulista\u201d<\/strong><br \/>\n     <em>Participantes:<\/em><br \/>\n     Allan Fresnot, Presidente da APACI \u2013 Associa\u00e7\u00e3o Paulista de Cineastas (a confirmar)<br \/>\n     Celso Gon\u00e7alves, Presidente da ABD\/SP \u2013 Associa\u00e7\u00e3o Brasileira de Documentaristas \u2013 se\u00e7\u00e3o S\u00e3o Paulo<br \/>\n     Jos\u00e9 Vinagre, Presidente da Federa\u00e7\u00e3o de Cineclubes do Estado de S\u00e3o Paulo<br \/>\n     Pedro Pablo Lazzarini, Presidente do SINDCINE \u2013 Sindicato dos Trabalhadores na Ind\u00fastria Cinematogr\u00e1fica do Estado de S\u00e3o Paulo<br \/>\n     Representante da se\u00e7\u00e3o paulista da ABCcom \u2013 Associa\u00e7\u00e3o Brasileira de Canais Comunit\u00e1rios<br \/>\n     Representante da se\u00e7\u00e3o paulista da ABCA \u2013 Associa\u00e7\u00e3o Brasileira de Cinema de Anima\u00e7\u00e3o (a confirmar)<br \/>\n     Representante da se\u00e7\u00e3o paulista da AR &#8211; Associa\u00e7\u00e3o dos Roteiristas (a confirmar)<br \/>\n     Representante do SIEESP \u2013 Sindicato das Empresas Exibidoras Cinematogr\u00e1ficas do Estado de S\u00e3o Paulo (a confirmar)<br \/>\n     <em>Moderador:<\/em><br \/>\n     Jo\u00e3o Baptista Pimentel Neto &#8211; Coordenador do Difus\u00e3o Cineclube<br \/>\n      <i>Local: Hotel Gran Roca<\/i><\/td>\n<\/tr>\n<tr bgcolor=\"#eaeaea\">\n<td valign=\"top\">20h30<\/td>\n<td valign=\"top\"><strong>Reuni\u00e3o da Federa\u00e7\u00e3o Paulista de Cineclubes<\/strong><br \/>\n     <i>Local: Hotel Gran Roca<\/i><\/td>\n<\/tr>\n<tr bgcolor=\"#fafafa\">\n<td valign=\"top\">21h00<\/td>\n<td valign=\"top\"><strong>Mostra Difus\u00e3o Cineclube \u201cFilmes s\u00e3o feitos para serem vistos!\u201d<\/strong><br \/>\n     <i>Local: F\u00f3rum da Cidadania<\/i><\/td>\n<\/tr>\n<tr bgcolor=\"#eaeaea\">\n<th colspan=\"2\" height=\"32\"><font color=\"#006\" size=\"3\">\u00bb DIA 30 DE MAIO, DOMINGO<\/font><\/th>\n<\/tr>\n<tr bgcolor=\"#fafafa\">\n<td valign=\"top\">9h00 \u00e0s 10h30<\/td>\n<td valign=\"top\"><strong>Mesa \u201cCultura, Audiovisual e Direito Autoral e os Direitos do P\u00fablico\u201d<\/strong><br \/>\n      <i>Participantes:<\/i><br \/>\n      Rosemberg Cariri, Presidente do CBC \u2013 Congresso Brasileiro de Cinema<br \/>\n      Antonio Claudino de Jesus, Presidente do CNC \u2013 Conselho Nacional de Cineclubes<br \/>\n      Solange Lima, Presidente da ABDn \u2013 Associa\u00e7\u00e3o Brasileira de Documentaristas<br \/>\n      Geraldo Moraes, Presidente do CBDC \u2013 Centro Brasileiro Pela Diversidade Cultural<br \/>\n      Paulo Cannabrava, Presidente da APIJOR \u2013 Associa\u00e7\u00e3o Brasileira da Propriedade Intelectual dos Jornalistas Profissionais<br \/>\n      Presidente da ABCCom \u2013 Associa\u00e7\u00e3o Brasileira de Canais Comunit\u00e1rios (a confirmar)<br \/>\n      <i>Moderador:<\/i><br \/>\n      Pedro Pablo Lazzarini, Presidente do SINDCINE \u2013 Sindicato dos Trabalhadores na Ind\u00fastria Cinematogr\u00e1fica do Estado de S\u00e3o Paulo<br \/>\n     <i>Local: Hotel Gran Roca<\/i><\/td>\n<\/tr>\n<tr bgcolor=\"#eaeaea\">\n<td valign=\"top\">11h00 \u00e0s 13:30<\/td>\n<td valign=\"top\"><strong>Plen\u00e1ria Final<\/strong> \u2013 Elabora\u00e7\u00e3o e aprova\u00e7\u00e3o do documento final do Encontro<br \/>\n     <i>Local: Hotel Gran Roca<\/i><\/td>\n<\/tr>\n<\/table>\n","protected":false},"excerpt":{"rendered":"<p>Programa\u00e7\u00e3o do 1\u00ba Encontro Paulista dos Direitos do P\u00fablico \u00bb DIA 28 DE MAIO, SEXTA-FEIRA 14h00 \u00e0s 18h00 Credenciamento Local: Hotel Gran Roca 19h30 Mesa de Abertura do Encontro Participantes: Dr. Jos\u00e9 Bernardo Denig, Prefeito Municipal de Atibaia Wanderley Silva &hellip; <a href=\"https:\/\/blogs.utopia.org.br\/direitosdopublico\/programacao\/\">Continue lendo <span class=\"meta-nav\">&rarr;<\/span><\/a><\/p>\n","protected":false},"author":19,"featured_media":0,"parent":0,"menu_order":0,"comment_status":"open","ping_status":"open","template":"","meta":{"_monsterinsights_skip_tracking":false,"_monsterinsights_sitenote_active":false,"_monsterinsights_sitenote_note":"","_monsterinsights_sitenote_category":0,"ngg_post_thumbnail":0,"footnotes":""},"class_list":["post-19","page","type-page","status-publish","hentry"],"_links":{"self":[{"href":"https:\/\/blogs.utopia.org.br\/direitosdopublico\/wp-json\/wp\/v2\/pages\/19","targetHints":{"allow":["GET"]}}],"collection":[{"href":"https:\/\/blogs.utopia.org.br\/direitosdopublico\/wp-json\/wp\/v2\/pages"}],"about":[{"href":"https:\/\/blogs.utopia.org.br\/direitosdopublico\/wp-json\/wp\/v2\/types\/page"}],"author":[{"embeddable":true,"href":"https:\/\/blogs.utopia.org.br\/direitosdopublico\/wp-json\/wp\/v2\/users\/19"}],"replies":[{"embeddable":true,"href":"https:\/\/blogs.utopia.org.br\/direitosdopublico\/wp-json\/wp\/v2\/comments?post=19"}],"version-history":[{"count":26,"href":"https:\/\/blogs.utopia.org.br\/direitosdopublico\/wp-json\/wp\/v2\/pages\/19\/revisions"}],"predecessor-version":[{"id":39,"href":"https:\/\/blogs.utopia.org.br\/direitosdopublico\/wp-json\/wp\/v2\/pages\/19\/revisions\/39"}],"wp:attachment":[{"href":"https:\/\/blogs.utopia.org.br\/direitosdopublico\/wp-json\/wp\/v2\/media?parent=19"}],"curies":[{"name":"wp","href":"https:\/\/api.w.org\/{rel}","templated":true}]}}